{"id":314,"date":"2024-03-07T21:31:17","date_gmt":"2024-03-07T21:31:17","guid":{"rendered":"https:\/\/adicora.org\/cordoba\/?page_id=314"},"modified":"2026-04-13T02:24:33","modified_gmt":"2026-04-13T02:24:33","slug":"festivalgp","status":"publish","type":"page","link":"https:\/\/adicora.org\/cordoba\/festivalgp\/","title":{"rendered":"IV Festival de Coros Infanto-Juveniles \u00abGuillermo Pellicer\u00bb"},"content":{"rendered":"<p>[et_pb_section fb_built=\u00bb1&#8243; custom_padding_last_edited=\u00bbon|desktop\u00bb admin_label=\u00bbHeader\u00bb _builder_version=\u00bb4.27.4&#8243; background_color=\u00bb#ffffda\u00bb background_enable_image=\u00bboff\u00bb custom_padding=\u00bb10vw||0vw||false|false\u00bb custom_padding_tablet=\u00bb||70px\u00bb custom_padding_phone=\u00bb\u00bb da_disable_devices=\u00bboff|off|off\u00bb global_colors_info=\u00bb{}\u00bb da_is_popup=\u00bboff\u00bb da_exit_intent=\u00bboff\u00bb da_has_close=\u00bbon\u00bb da_alt_close=\u00bboff\u00bb da_dark_close=\u00bboff\u00bb da_not_modal=\u00bbon\u00bb da_is_singular=\u00bboff\u00bb da_with_loader=\u00bboff\u00bb da_has_shadow=\u00bbon\u00bb][et_pb_row column_structure=\u00bb3_5,2_5&#8243; _builder_version=\u00bb4.16&#8243; custom_margin=\u00bb-97px|auto||auto||\u00bb custom_padding=\u00bb||0px|||\u00bb global_colors_info=\u00bb{}\u00bb][et_pb_column type=\u00bb3_5&#8243; _builder_version=\u00bb4.16&#8243; custom_padding=\u00bb|||\u00bb custom_padding_tablet=\u00bb0px|||\u00bb custom_padding_phone=\u00bb\u00bb custom_padding_last_edited=\u00bbon|tablet\u00bb global_colors_info=\u00bb{}\u00bb custom_padding__hover=\u00bb|||\u00bb][et_pb_text _builder_version=\u00bb4.16&#8243; text_font=\u00bb||||||||\u00bb text_font_size=\u00bb18px\u00bb text_line_height=\u00bb2em\u00bb header_font=\u00bbAmiko|700|||||||\u00bb header_text_color=\u00bb#000000&#8243; header_font_size=\u00bb52px\u00bb header_line_height=\u00bb1.2em\u00bb header_2_font=\u00bbDancing Script||||||||\u00bb header_2_font_size=\u00bb62px\u00bb custom_margin=\u00bb||60px\u00bb custom_margin_tablet=\u00bb||30px|\u00bb custom_margin_phone=\u00bb\u00bb custom_margin_last_edited=\u00bbon|tablet\u00bb text_font_size_tablet=\u00bb\u00bb text_font_size_phone=\u00bb14px\u00bb text_font_size_last_edited=\u00bbon|phone\u00bb header_font_size_tablet=\u00bb40px\u00bb header_font_size_phone=\u00bb35px\u00bb header_font_size_last_edited=\u00bbon|phone\u00bb global_colors_info=\u00bb{}\u00bb]<\/p>\n<h1><span class=\"OYPEnA text-decoration-none text-strikethrough-none\">4\u00b0 Festival de Coros Infanto-Juveniles<\/span><\/h1>\n<h2><span class=\"OYPEnA text-decoration-none text-strikethrough-none\">Guillermo Pellicer<\/span><\/h2>\n<p>[\/et_pb_text][\/et_pb_column][et_pb_column type=\u00bb2_5&#8243; _builder_version=\u00bb4.16&#8243; custom_padding=\u00bb|||\u00bb global_colors_info=\u00bb{}\u00bb custom_padding__hover=\u00bb|||\u00bb][et_pb_image src=\u00bbhttps:\/\/adicora.org\/cordoba\/wp-content\/uploads\/2026\/04\/Banner-FESTIVAL-GP.png\u00bb title_text=\u00bbBanner FESTIVAL GP\u00bb _builder_version=\u00bb4.27.6&#8243; _module_preset=\u00bbdefault\u00bb custom_margin=\u00bb||15px|||\u00bb custom_padding=\u00bb|0px||||\u00bb global_colors_info=\u00bb{}\u00bb][\/et_pb_image][\/et_pb_column][\/et_pb_row][et_pb_row _builder_version=\u00bb4.16&#8243; _module_preset=\u00bbdefault\u00bb transform_translate=\u00bb14px|-46px\u00bb global_colors_info=\u00bb{}\u00bb][et_pb_column type=\u00bb4_4&#8243; _builder_version=\u00bb4.16&#8243; _module_preset=\u00bbdefault\u00bb global_colors_info=\u00bb{}\u00bb][et_pb_text _builder_version=\u00bb4.16&#8243; _module_preset=\u00bbdefault\u00bb header_font=\u00bbAmiko|700|||||||\u00bb header_text_align=\u00bbcenter\u00bb header_text_color=\u00bb#000000&#8243; header_font_size=\u00bb43px\u00bb header_letter_spacing=\u00bb4px\u00bb animation_style=\u00bbfade\u00bb animation_direction=\u00bbright\u00bb animation_duration=\u00bb1850ms\u00bb header_text_shadow_style=\u00bbpreset5&#8243; header_text_shadow_color=\u00bb#FFFFFF\u00bb global_colors_info=\u00bb{}\u00bb]<\/p>\n<h1>AGOSTO 2026<\/h1>\n<p>[\/et_pb_text][\/et_pb_column][\/et_pb_row][\/et_pb_section][et_pb_section fb_built=\u00bb1&#8243; admin_label=\u00bbServices\u00bb _builder_version=\u00bb4.16&#8243; background_color=\u00bb#daf4ff\u00bb background_color_gradient_direction=\u00bb360deg\u00bb background_enable_image=\u00bboff\u00bb custom_padding=\u00bb0|0|0px|0px|false|false\u00bb da_disable_devices=\u00bboff|off|off\u00bb global_colors_info=\u00bb{}\u00bb da_is_popup=\u00bboff\u00bb da_exit_intent=\u00bboff\u00bb da_has_close=\u00bbon\u00bb da_alt_close=\u00bboff\u00bb da_dark_close=\u00bboff\u00bb da_not_modal=\u00bbon\u00bb da_is_singular=\u00bboff\u00bb da_with_loader=\u00bboff\u00bb da_has_shadow=\u00bbon\u00bb][et_pb_row _builder_version=\u00bb4.16&#8243; _module_preset=\u00bbdefault\u00bb custom_margin=\u00bb-49px|auto||auto||\u00bb global_colors_info=\u00bb{}\u00bb][et_pb_column type=\u00bb4_4&#8243; _builder_version=\u00bb4.16&#8243; _module_preset=\u00bbdefault\u00bb global_colors_info=\u00bb{}\u00bb][et_pb_text _builder_version=\u00bb4.16&#8243; _module_preset=\u00bbdefault\u00bb text_font=\u00bbAmiko||||||||\u00bb text_text_color=\u00bb#000000&#8243; text_font_size=\u00bb19px\u00bb custom_margin=\u00bb20px|||||\u00bb global_colors_info=\u00bb{}\u00bb]<\/p>\n<p><span style=\"font-weight: 400;\">El Festival de Coros Infanto Juveniles \u201cGuillermo Pellicer\u201d propone un espacio de encuentro para ni\u00f1as, ni\u00f1os y adolescentes que desarrollan la actividad coral en distintos contextos sociales e institucionales de la provincia de C\u00f3rdoba, promoviendo y fortaleciendo el canto coral como herramienta de transformaci\u00f3n social. A partir del extenso legado que \u201cPelli\u201d sembr\u00f3 en generaciones de coros infantiles y juveniles, el festival busca tambi\u00e9n construir comunidad a trav\u00e9s del canto compartido y motivar a la creaci\u00f3n de nuevos elencos corales.<\/span><\/p>\n<p>[\/et_pb_text][\/et_pb_column][\/et_pb_row][\/et_pb_section][et_pb_section fb_built=\u00bb1&#8243; admin_label=\u00bbServices\u00bb _builder_version=\u00bb4.16&#8243; background_color=\u00bb#f4a4cc\u00bb background_color_gradient_direction=\u00bb360deg\u00bb background_enable_image=\u00bboff\u00bb custom_padding=\u00bb0|0|0px|0px|false|false\u00bb da_disable_devices=\u00bboff|off|off\u00bb global_colors_info=\u00bb{}\u00bb da_is_popup=\u00bboff\u00bb da_exit_intent=\u00bboff\u00bb da_has_close=\u00bbon\u00bb da_alt_close=\u00bboff\u00bb da_dark_close=\u00bboff\u00bb da_not_modal=\u00bbon\u00bb da_is_singular=\u00bboff\u00bb da_with_loader=\u00bboff\u00bb da_has_shadow=\u00bbon\u00bb][et_pb_row _builder_version=\u00bb4.16&#8243; _module_preset=\u00bbdefault\u00bb global_colors_info=\u00bb{}\u00bb][et_pb_column type=\u00bb4_4&#8243; _builder_version=\u00bb4.16&#8243; _module_preset=\u00bbdefault\u00bb global_colors_info=\u00bb{}\u00bb][et_pb_text _builder_version=\u00bb4.16&#8243; _module_preset=\u00bbdefault\u00bb text_font=\u00bbAmiko||||||||\u00bb text_text_color=\u00bb#000000&#8243; text_font_size=\u00bb19px\u00bb global_colors_info=\u00bb{}\u00bb]<\/p>\n<p><span style=\"font-weight: 400;\">Se llevar\u00e1 a cabo durante el mes de agosto y contar\u00e1 con conciertos did\u00e1cticos y conciertos corales en escuelas en busca de fortalecer las experiencias musicales en espacios educativos y motivar la actividad coral escolar.<\/span><\/p>\n<p><span style=\"font-weight: 400;\">Adem\u00e1s, para esta edici\u00f3n se proyecta la incorporaci\u00f3n de instancias de capacitaci\u00f3n destinadas a personas directoras de coro, generando as\u00ed oportunidades de formaci\u00f3n y reflexi\u00f3n sobre las pr\u00e1cticas corales en contextos educativos y comunitarios.<\/span><\/p>\n<p>[\/et_pb_text][\/et_pb_column][\/et_pb_row][\/et_pb_section][et_pb_section fb_built=\u00bb1&#8243; admin_label=\u00bbServices\u00bb _builder_version=\u00bb4.16&#8243; background_color=\u00bb#ffea9b\u00bb background_color_gradient_direction=\u00bb360deg\u00bb background_enable_image=\u00bboff\u00bb custom_margin=\u00bb17px|||||\u00bb custom_padding=\u00bb0|0|0px|0px|false|false\u00bb da_disable_devices=\u00bboff|off|off\u00bb global_colors_info=\u00bb{}\u00bb da_is_popup=\u00bboff\u00bb da_exit_intent=\u00bboff\u00bb da_has_close=\u00bbon\u00bb da_alt_close=\u00bboff\u00bb da_dark_close=\u00bboff\u00bb da_not_modal=\u00bbon\u00bb da_is_singular=\u00bboff\u00bb da_with_loader=\u00bboff\u00bb da_has_shadow=\u00bbon\u00bb][et_pb_row _builder_version=\u00bb4.16&#8243; _module_preset=\u00bbdefault\u00bb custom_margin=\u00bb-22px|auto||136px||\u00bb custom_padding=\u00bb|||0px||\u00bb global_colors_info=\u00bb{}\u00bb][et_pb_column type=\u00bb4_4&#8243; _builder_version=\u00bb4.16&#8243; _module_preset=\u00bbdefault\u00bb global_colors_info=\u00bb{}\u00bb][et_pb_text _builder_version=\u00bb4.27.4&#8243; _module_preset=\u00bbdefault\u00bb text_font=\u00bbAmiko||||||||\u00bb text_text_color=\u00bb#000000&#8243; text_font_size=\u00bb19px\u00bb global_colors_info=\u00bb{}\u00bb]<\/p>\n<p><span style=\"font-weight: 400;\">El festival es impulsado por personas asociadas a ADICORA Filial C\u00f3rdoba, que, en su trabajo cotidiano con coros de ni\u00f1as, ni\u00f1os y adolescentes, detectaron la necesidad de establecer redes de colaboraci\u00f3n, formaci\u00f3n e intercambio entre agrupaciones corales con similares caracter\u00edsticas.<\/span><\/p>\n<p>[\/et_pb_text][\/et_pb_column][\/et_pb_row][\/et_pb_section][et_pb_section fb_built=\u00bb1&#8243; admin_label=\u00bbServices\u00bb _builder_version=\u00bb4.16&#8243; background_color=\u00bb#f4a4cc\u00bb background_color_gradient_direction=\u00bb360deg\u00bb background_enable_image=\u00bboff\u00bb custom_padding=\u00bb0|0|0px|0px|false|false\u00bb da_disable_devices=\u00bboff|off|off\u00bb global_colors_info=\u00bb{}\u00bb da_is_popup=\u00bboff\u00bb da_exit_intent=\u00bboff\u00bb da_has_close=\u00bbon\u00bb da_alt_close=\u00bboff\u00bb da_dark_close=\u00bboff\u00bb da_not_modal=\u00bbon\u00bb da_is_singular=\u00bboff\u00bb da_with_loader=\u00bboff\u00bb da_has_shadow=\u00bbon\u00bb][et_pb_row _builder_version=\u00bb4.16&#8243; _module_preset=\u00bbdefault\u00bb global_colors_info=\u00bb{}\u00bb][et_pb_column type=\u00bb4_4&#8243; _builder_version=\u00bb4.16&#8243; _module_preset=\u00bbdefault\u00bb global_colors_info=\u00bb{}\u00bb][et_pb_text _builder_version=\u00bb4.16&#8243; _module_preset=\u00bbdefault\u00bb text_font=\u00bbAmiko||||||||\u00bb text_text_color=\u00bb#000000&#8243; text_font_size=\u00bb19px\u00bb global_colors_info=\u00bb{}\u00bb]<\/p>\n<p><span style=\"font-weight: 400;\">Cuenta con el apoyo de ADICORA, instituciones educativas y culturales estatales, y diversas organizaciones que acompa\u00f1an esta propuesta desde sus inicios.<\/span><\/p>\n<p>[\/et_pb_text][\/et_pb_column][\/et_pb_row][\/et_pb_section][et_pb_section fb_built=\u00bb1&#8243; admin_label=\u00bbServices\u00bb _builder_version=\u00bb4.16&#8243; background_color=\u00bb#daf4ff\u00bb background_color_gradient_direction=\u00bb360deg\u00bb background_enable_image=\u00bboff\u00bb min_height=\u00bb201.8px\u00bb custom_padding=\u00bb37px|0|0px|0px|false|false\u00bb da_disable_devices=\u00bboff|off|off\u00bb global_colors_info=\u00bb{}\u00bb da_is_popup=\u00bboff\u00bb da_exit_intent=\u00bboff\u00bb da_has_close=\u00bbon\u00bb da_alt_close=\u00bboff\u00bb da_dark_close=\u00bboff\u00bb da_not_modal=\u00bbon\u00bb da_is_singular=\u00bboff\u00bb da_with_loader=\u00bboff\u00bb da_has_shadow=\u00bbon\u00bb][et_pb_row column_structure=\u00bb1_2,1_2&#8243; _builder_version=\u00bb4.16&#8243; _module_preset=\u00bbdefault\u00bb global_colors_info=\u00bb{}\u00bb][et_pb_column type=\u00bb1_2&#8243; _builder_version=\u00bb4.16&#8243; _module_preset=\u00bbdefault\u00bb global_colors_info=\u00bb{}\u00bb][et_pb_button button_url=\u00bb#modalidades\u00bb button_text=\u00bbMODALIDADES DE PARTICIPACI\u00d3N\u00bb button_alignment=\u00bbcenter\u00bb _builder_version=\u00bb4.16&#8243; _module_preset=\u00bbdefault\u00bb custom_button=\u00bbon\u00bb button_text_size=\u00bb22px\u00bb button_text_color=\u00bb#000000&#8243; button_bg_color=\u00bb#df1c7d\u00bb button_border_color=\u00bbRGBA(0,0,0,0)\u00bb button_letter_spacing=\u00bb0px\u00bb button_icon=\u00bb&#x37;||divi||400&#8243; global_colors_info=\u00bb{}\u00bb][\/et_pb_button][\/et_pb_column][et_pb_column type=\u00bb1_2&#8243; _builder_version=\u00bb4.16&#8243; _module_preset=\u00bbdefault\u00bb global_colors_info=\u00bb{}\u00bb][et_pb_button button_url=\u00bbhttps:\/\/docs.google.com\/forms\/d\/e\/1FAIpQLSdC5MCSSW6vFtX8pDP_lz0GJPRc6SfeVVLt0AZ_HFq7r2_1OA\/viewform?fbclid=PAZXh0bgNhZW0CMTEAc3J0YwZhcHBfaWQMMjU2MjgxMDQwNTU4AAGnaea7yEgUPHvjnANagZ31xKbSMAss-lqFCa_7TKZ1zQhxaGoVUv5eEFe-U3g_aem_Y6hwYkLxxcq-D72BWyo58Q\u00bb url_new_window=\u00bbon\u00bb button_text=\u00bbPRE-INSCRIBITE\u00bb button_alignment=\u00bbcenter\u00bb _builder_version=\u00bb4.27.6&#8243; _module_preset=\u00bbdefault\u00bb custom_button=\u00bbon\u00bb button_text_size=\u00bb24px\u00bb button_text_color=\u00bb#000000&#8243; button_bg_color=\u00bb#fdc800&#8243; button_border_color=\u00bbRGBA(0,0,0,0)\u00bb button_letter_spacing=\u00bb5px\u00bb button_icon=\u00bb&#x37;||divi||400&#8243; global_colors_info=\u00bb{}\u00bb][\/et_pb_button][\/et_pb_column][\/et_pb_row][\/et_pb_section][et_pb_section fb_built=\u00bb1&#8243; admin_label=\u00bbPopup &#8211; #modalidades\u00bb module_id=\u00bbmodalidades\u00bb module_class=\u00bbpopup\u00bb _builder_version=\u00bb4.27.4&#8243; _module_preset=\u00bbdefault\u00bb background_color=\u00bb#FFFFFF\u00bb da_is_popup=\u00bbon\u00bb da_popup_slug=\u00bbmodalidades\u00bb da_disable_devices=\u00bboff|off|off\u00bb global_colors_info=\u00bb{}\u00bb da_exit_intent=\u00bboff\u00bb da_has_close=\u00bbon\u00bb da_alt_close=\u00bboff\u00bb da_dark_close=\u00bboff\u00bb da_not_modal=\u00bbon\u00bb da_is_singular=\u00bboff\u00bb da_with_loader=\u00bboff\u00bb da_has_shadow=\u00bbon\u00bb][et_pb_row _builder_version=\u00bb4.16&#8243; _module_preset=\u00bbdefault\u00bb custom_padding=\u00bb29px|||||\u00bb global_colors_info=\u00bb{}\u00bb][et_pb_column type=\u00bb4_4&#8243; _builder_version=\u00bb4.16&#8243; _module_preset=\u00bbdefault\u00bb global_colors_info=\u00bb{}\u00bb][et_pb_text _builder_version=\u00bb4.27.6&#8243; _module_preset=\u00bbdefault\u00bb text_font=\u00bbAmiko|600|||||||\u00bb text_font_size=\u00bb18px\u00bb text_line_height=\u00bb1.8em\u00bb header_2_font=\u00bbAmiko||||||||\u00bb header_2_font_size=\u00bb28px\u00bb header_3_font=\u00bbAmiko||||||||\u00bb header_3_text_color=\u00bb#E02B20&#8243; header_4_font=\u00bbAmiko||||||||\u00bb header_4_line_height=\u00bb1.3em\u00bb text_orientation=\u00bbcenter\u00bb custom_margin=\u00bb-104px|||||\u00bb custom_padding=\u00bb0px|||||\u00bb hover_enabled=\u00bb0&#8243; global_colors_info=\u00bb{}\u00bb sticky_enabled=\u00bb0&#8243;]<\/p>\n<p><span><\/span><\/p>\n<p><span><\/span><\/p>\n<p><span><\/span><\/p>\n<p><span>\u00a1Les damos la bienvenida al 4\u00b0 Festival de Coros Infanto-Juveniles \u00abGuillermo Pellicer\u00bb!<\/span><\/p>\n<div>\n<p dir=\"ltr\">La edici\u00f3n 2026 del Festival se desarrollar\u00e1 durante el mes de Agosto, contemplando una serie de actividades que propicien el encuentro y el intercambio con la m\u00fasica coral, las infancias y adolescencias.<\/p>\n<p dir=\"ltr\">En el siguiente formulario <b>pod\u00e9s <u>preinscribirte<\/u> para participar con tu coro, como asi tambi\u00e9n proponer un espacio para realizar actividades, participar como organizador\/colaborador en alguna sede, entre otras propuestas.<\/b><\/p>\n<p dir=\"ltr\"><b>\u00a0<\/b><\/p>\n<\/div>\n<div>\n<p><b>Coros de otras provincias<\/b><span>: podr\u00e1n participar de todas las actividades y sedes del festival. Nos pondremos en contacto para definir una propuesta acorde a las posibilidades.<\/span><\/p>\n<p><b>Coros C\u00f3rdoba<\/b>: podr\u00e1n optar entre las distintas instancias de participaci\u00f3n de las sedes propuestas y la comisi\u00f3n organizadora confirmar\u00e1 las instancias en las que podr\u00e1n participar, buscando garantizar que la mayor inclusi\u00f3n de coros posibles en el cronograma de actividades.<\/p>\n<p>&nbsp;<\/p>\n<p><b>Sede C\u00f3rdoba &#8211; del Mi\u00e9rcoles 5 al S\u00e1bado 8 de agosto.<\/b><\/p>\n<p><b>Sede Almafuerte &#8211; Viernes 21 de agosto<\/b><b><\/b><\/p>\n<p><b>Sede Punilla &#8211; S\u00e1bado 22 de agosto<\/b><\/p>\n<p><b>Sede Sald\u00e1n &#8211; Fecha a confirmar<\/b><\/p>\n<\/div>\n<p>[\/et_pb_text][\/et_pb_column][\/et_pb_row][\/et_pb_section][et_pb_section fb_built=\u00bb1&#8243; _builder_version=\u00bb4.16&#8243; _module_preset=\u00bbdefault\u00bb background_color=\u00bb#009cda\u00bb da_disable_devices=\u00bboff|off|off\u00bb global_colors_info=\u00bb{}\u00bb da_is_popup=\u00bboff\u00bb da_exit_intent=\u00bboff\u00bb da_has_close=\u00bbon\u00bb da_alt_close=\u00bboff\u00bb da_dark_close=\u00bboff\u00bb da_not_modal=\u00bbon\u00bb da_is_singular=\u00bboff\u00bb da_with_loader=\u00bboff\u00bb da_has_shadow=\u00bbon\u00bb][et_pb_row _builder_version=\u00bb4.16&#8243; _module_preset=\u00bbdefault\u00bb global_colors_info=\u00bb{}\u00bb][et_pb_column type=\u00bb4_4&#8243; _builder_version=\u00bb4.16&#8243; _module_preset=\u00bbdefault\u00bb global_colors_info=\u00bb{}\u00bb][et_pb_gallery gallery_ids=\u00bb380,381,382&#8243; gallery_orderby=\u00bbrand\u00bb fullwidth=\u00bbon\u00bb _builder_version=\u00bb4.16&#8243; _module_preset=\u00bbdefault\u00bb width=\u00bb73%\u00bb module_alignment=\u00bbcenter\u00bb global_colors_info=\u00bb{}\u00bb][\/et_pb_gallery][\/et_pb_column][\/et_pb_row][\/et_pb_section]<\/p>\n","protected":false},"excerpt":{"rendered":"<p>4\u00b0 Festival de Coros Infanto-Juveniles Guillermo PellicerAGOSTO 2026El Festival de Coros Infanto Juveniles \u201cGuillermo Pellicer\u201d propone un espacio de encuentro para ni\u00f1as, ni\u00f1os y adolescentes que desarrollan la actividad coral en distintos contextos sociales e institucionales de la provincia de C\u00f3rdoba, promoviendo y fortaleciendo el canto coral como herramienta de transformaci\u00f3n social. A partir del [&hellip;]<\/p>\n","protected":false},"author":3,"featured_media":0,"parent":0,"menu_order":0,"comment_status":"closed","ping_status":"closed","template":"","meta":{"_et_pb_use_builder":"on","_et_pb_old_content":"","_et_gb_content_width":"","footnotes":""},"class_list":["post-314","page","type-page","status-publish","hentry"],"yoast_head":"<!-- This site is optimized with the Yoast SEO plugin v27.4 - https:\/\/yoast.com\/product\/yoast-seo-wordpress\/ -->\n<title>IV Festival de Coros Infanto-Juveniles &quot;Guillermo Pellicer&quot; - ADICORA Filial C\u00f3rdoba<\/title>\n<meta name=\"robots\" content=\"index, follow, max-snippet:-1, max-image-preview:large, max-video-preview:-1\" \/>\n<link rel=\"canonical\" href=\"https:\/\/adicora.org\/cordoba\/festivalgp\/\" \/>\n<meta property=\"og:locale\" content=\"es_ES\" \/>\n<meta property=\"og:type\" content=\"article\" \/>\n<meta property=\"og:title\" content=\"IV Festival de Coros Infanto-Juveniles &quot;Guillermo Pellicer&quot; - ADICORA Filial C\u00f3rdoba\" \/>\n<meta property=\"og:description\" content=\"4\u00b0 Festival de Coros Infanto-Juveniles Guillermo PellicerAGOSTO 2026El Festival de Coros Infanto Juveniles \u201cGuillermo Pellicer\u201d propone un espacio de encuentro para ni\u00f1as, ni\u00f1os y adolescentes que desarrollan la actividad coral en distintos contextos sociales e institucionales de la provincia de C\u00f3rdoba, promoviendo y fortaleciendo el canto coral como herramienta de transformaci\u00f3n social. A partir del [&hellip;]\" \/>\n<meta property=\"og:url\" content=\"https:\/\/adicora.org\/cordoba\/festivalgp\/\" \/>\n<meta property=\"og:site_name\" content=\"ADICORA Filial C\u00f3rdoba\" \/>\n<meta property=\"article:modified_time\" content=\"2026-04-13T02:24:33+00:00\" \/>\n<meta name=\"twitter:card\" content=\"summary_large_image\" \/>\n<meta name=\"twitter:label1\" content=\"Tiempo de lectura\" \/>\n\t<meta name=\"twitter:data1\" content=\"3 minutos\" \/>\n<script type=\"application\/ld+json\" class=\"yoast-schema-graph\">{\"@context\":\"https:\\\/\\\/schema.org\",\"@graph\":[{\"@type\":\"WebPage\",\"@id\":\"https:\\\/\\\/adicora.org\\\/cordoba\\\/festivalgp\\\/\",\"url\":\"https:\\\/\\\/adicora.org\\\/cordoba\\\/festivalgp\\\/\",\"name\":\"IV Festival de Coros Infanto-Juveniles \\\"Guillermo Pellicer\\\" - ADICORA Filial C\u00f3rdoba\",\"isPartOf\":{\"@id\":\"https:\\\/\\\/adicora.org\\\/cordoba\\\/#website\"},\"datePublished\":\"2024-03-07T21:31:17+00:00\",\"dateModified\":\"2026-04-13T02:24:33+00:00\",\"breadcrumb\":{\"@id\":\"https:\\\/\\\/adicora.org\\\/cordoba\\\/festivalgp\\\/#breadcrumb\"},\"inLanguage\":\"es\",\"potentialAction\":[{\"@type\":\"ReadAction\",\"target\":[\"https:\\\/\\\/adicora.org\\\/cordoba\\\/festivalgp\\\/\"]}]},{\"@type\":\"BreadcrumbList\",\"@id\":\"https:\\\/\\\/adicora.org\\\/cordoba\\\/festivalgp\\\/#breadcrumb\",\"itemListElement\":[{\"@type\":\"ListItem\",\"position\":1,\"name\":\"Portada\",\"item\":\"https:\\\/\\\/adicora.org\\\/cordoba\\\/\"},{\"@type\":\"ListItem\",\"position\":2,\"name\":\"IV Festival de Coros Infanto-Juveniles \u00abGuillermo Pellicer\u00bb\"}]},{\"@type\":\"WebSite\",\"@id\":\"https:\\\/\\\/adicora.org\\\/cordoba\\\/#website\",\"url\":\"https:\\\/\\\/adicora.org\\\/cordoba\\\/\",\"name\":\"ADICORA Filial C\u00f3rdoba\",\"description\":\"Asociaci\u00f3n de Directores de Coro\",\"potentialAction\":[{\"@type\":\"SearchAction\",\"target\":{\"@type\":\"EntryPoint\",\"urlTemplate\":\"https:\\\/\\\/adicora.org\\\/cordoba\\\/?s={search_term_string}\"},\"query-input\":{\"@type\":\"PropertyValueSpecification\",\"valueRequired\":true,\"valueName\":\"search_term_string\"}}],\"inLanguage\":\"es\"}]}<\/script>\n<!-- \/ Yoast SEO plugin. -->","yoast_head_json":{"title":"IV Festival de Coros Infanto-Juveniles \"Guillermo Pellicer\" - ADICORA Filial C\u00f3rdoba","robots":{"index":"index","follow":"follow","max-snippet":"max-snippet:-1","max-image-preview":"max-image-preview:large","max-video-preview":"max-video-preview:-1"},"canonical":"https:\/\/adicora.org\/cordoba\/festivalgp\/","og_locale":"es_ES","og_type":"article","og_title":"IV Festival de Coros Infanto-Juveniles \"Guillermo Pellicer\" - ADICORA Filial C\u00f3rdoba","og_description":"4\u00b0 Festival de Coros Infanto-Juveniles Guillermo PellicerAGOSTO 2026El Festival de Coros Infanto Juveniles \u201cGuillermo Pellicer\u201d propone un espacio de encuentro para ni\u00f1as, ni\u00f1os y adolescentes que desarrollan la actividad coral en distintos contextos sociales e institucionales de la provincia de C\u00f3rdoba, promoviendo y fortaleciendo el canto coral como herramienta de transformaci\u00f3n social. A partir del [&hellip;]","og_url":"https:\/\/adicora.org\/cordoba\/festivalgp\/","og_site_name":"ADICORA Filial C\u00f3rdoba","article_modified_time":"2026-04-13T02:24:33+00:00","twitter_card":"summary_large_image","twitter_misc":{"Tiempo de lectura":"3 minutos"},"schema":{"@context":"https:\/\/schema.org","@graph":[{"@type":"WebPage","@id":"https:\/\/adicora.org\/cordoba\/festivalgp\/","url":"https:\/\/adicora.org\/cordoba\/festivalgp\/","name":"IV Festival de Coros Infanto-Juveniles \"Guillermo Pellicer\" - ADICORA Filial C\u00f3rdoba","isPartOf":{"@id":"https:\/\/adicora.org\/cordoba\/#website"},"datePublished":"2024-03-07T21:31:17+00:00","dateModified":"2026-04-13T02:24:33+00:00","breadcrumb":{"@id":"https:\/\/adicora.org\/cordoba\/festivalgp\/#breadcrumb"},"inLanguage":"es","potentialAction":[{"@type":"ReadAction","target":["https:\/\/adicora.org\/cordoba\/festivalgp\/"]}]},{"@type":"BreadcrumbList","@id":"https:\/\/adicora.org\/cordoba\/festivalgp\/#breadcrumb","itemListElement":[{"@type":"ListItem","position":1,"name":"Portada","item":"https:\/\/adicora.org\/cordoba\/"},{"@type":"ListItem","position":2,"name":"IV Festival de Coros Infanto-Juveniles \u00abGuillermo Pellicer\u00bb"}]},{"@type":"WebSite","@id":"https:\/\/adicora.org\/cordoba\/#website","url":"https:\/\/adicora.org\/cordoba\/","name":"ADICORA Filial C\u00f3rdoba","description":"Asociaci\u00f3n de Directores de Coro","potentialAction":[{"@type":"SearchAction","target":{"@type":"EntryPoint","urlTemplate":"https:\/\/adicora.org\/cordoba\/?s={search_term_string}"},"query-input":{"@type":"PropertyValueSpecification","valueRequired":true,"valueName":"search_term_string"}}],"inLanguage":"es"}]}},"_links":{"self":[{"href":"https:\/\/adicora.org\/cordoba\/wp-json\/wp\/v2\/pages\/314","targetHints":{"allow":["GET"]}}],"collection":[{"href":"https:\/\/adicora.org\/cordoba\/wp-json\/wp\/v2\/pages"}],"about":[{"href":"https:\/\/adicora.org\/cordoba\/wp-json\/wp\/v2\/types\/page"}],"author":[{"embeddable":true,"href":"https:\/\/adicora.org\/cordoba\/wp-json\/wp\/v2\/users\/3"}],"replies":[{"embeddable":true,"href":"https:\/\/adicora.org\/cordoba\/wp-json\/wp\/v2\/comments?post=314"}],"version-history":[{"count":32,"href":"https:\/\/adicora.org\/cordoba\/wp-json\/wp\/v2\/pages\/314\/revisions"}],"predecessor-version":[{"id":10719,"href":"https:\/\/adicora.org\/cordoba\/wp-json\/wp\/v2\/pages\/314\/revisions\/10719"}],"wp:attachment":[{"href":"https:\/\/adicora.org\/cordoba\/wp-json\/wp\/v2\/media?parent=314"}],"curies":[{"name":"wp","href":"https:\/\/api.w.org\/{rel}","templated":true}]}}