{"id":274,"date":"2024-02-24T18:16:17","date_gmt":"2024-02-24T18:16:17","guid":{"rendered":"https:\/\/adicora.org\/cordoba\/?page_id=274"},"modified":"2024-02-24T18:30:03","modified_gmt":"2024-02-24T18:30:03","slug":"reglamento","status":"publish","type":"page","link":"https:\/\/adicora.org\/cordoba\/reglamento\/","title":{"rendered":"Reglamento FILIAL C\u00d3RDOBA"},"content":{"rendered":"<p>[et_pb_section fb_built=\u00bb1&#8243; next_background_color=\u00bb#ffffff\u00bb _builder_version=\u00bb4.9.4&#8243; _module_preset=\u00bbdefault\u00bb use_background_color_gradient=\u00bbon\u00bb background_color_gradient_end=\u00bb#0c71c3&#8243; background_color_gradient_type=\u00bbradial\u00bb top_divider_height=\u00bb107px\u00bb top_divider_flip=\u00bbvertical\u00bb bottom_divider_style=\u00bbcurve\u00bb da_disable_devices=\u00bboff|off|off\u00bb da_is_popup=\u00bboff\u00bb da_exit_intent=\u00bboff\u00bb da_has_close=\u00bbon\u00bb da_alt_close=\u00bboff\u00bb da_dark_close=\u00bboff\u00bb da_not_modal=\u00bbon\u00bb da_is_singular=\u00bboff\u00bb da_with_loader=\u00bboff\u00bb da_has_shadow=\u00bbon\u00bb][et_pb_row _builder_version=\u00bb4.9.4&#8243; _module_preset=\u00bbdefault\u00bb][et_pb_column type=\u00bb4_4&#8243; _builder_version=\u00bb4.9.4&#8243; _module_preset=\u00bbdefault\u00bb][et_pb_text _builder_version=\u00bb4.9.4&#8243; _module_preset=\u00bbdefault\u00bb text_text_color=\u00bb#FFFFFF\u00bb header_font=\u00bbRoboto||||||||\u00bb header_text_color=\u00bb#FFFFFF\u00bb header_font_size=\u00bb39px\u00bb header_text_shadow_style=\u00bbpreset5&#8243;]<\/p>\n<h1 style=\"text-align: center;\">REGLAMENTO FILIAL C\u00d3RDOBA<\/h1>\n<p style=\"text-align: right;\">\u00daltima modificaci\u00f3n: 2015<\/p>\n<p>[\/et_pb_text][\/et_pb_column][\/et_pb_row][\/et_pb_section][et_pb_section fb_built=\u00bb1&#8243; _builder_version=\u00bb4.9.4&#8243; _module_preset=\u00bbdefault\u00bb custom_padding=\u00bb0px|||||\u00bb da_disable_devices=\u00bboff|off|off\u00bb da_is_popup=\u00bboff\u00bb da_exit_intent=\u00bboff\u00bb da_has_close=\u00bbon\u00bb da_alt_close=\u00bboff\u00bb da_dark_close=\u00bboff\u00bb da_not_modal=\u00bbon\u00bb da_is_singular=\u00bboff\u00bb da_with_loader=\u00bboff\u00bb da_has_shadow=\u00bbon\u00bb][et_pb_row column_structure=\u00bb1_4,3_4&#8243; _builder_version=\u00bb4.9.4&#8243; _module_preset=\u00bbdefault\u00bb max_height=\u00bb516px\u00bb custom_padding=\u00bb19px||153px|||\u00bb][et_pb_column type=\u00bb1_4&#8243; _builder_version=\u00bb4.9.4&#8243; _module_preset=\u00bbdefault\u00bb][et_pb_text _builder_version=\u00bb4.9.4&#8243; _module_preset=\u00bbdefault\u00bb]<\/p>\n<h1 style=\"text-align: center;\">Consult\u00e1 cuando quieras el reglamento de nuestra Filial<\/h1>\n<p>[\/et_pb_text][\/et_pb_column][et_pb_column type=\u00bb3_4&#8243; _builder_version=\u00bb4.9.4&#8243; _module_preset=\u00bbdefault\u00bb][et_pb_code _builder_version=\u00bb4.9.4&#8243; _module_preset=\u00bbdefault\u00bb hover_enabled=\u00bb0&#8243; sticky_enabled=\u00bb0&#8243;]        <div class=\"embedpress-document-embed ose-document ep-doc-d7fcf3f3b136871a304a78937b86779c\" style=\"width: 600px; height: 600px;; max-width:100%; display: block\">\n                                    <iframe title=\"REGLAMENTO CORDOBA\" allowfullscreen=\"true\" mozallowfullscreen=\"true\" webkitallowfullscreen=\"true\" style=\"width: 600px; height: 600px;; max-width:100%; display: inline-block\" data-emsrc=\"https:\/\/adicora.org\/cordoba\/wp-content\/uploads\/2024\/02\/REGLAMENTO-CORDOBA.pdf\" data-emid=\"embedpress-pdf-shortcode\" class=\"embedpress-embed-document-pdf embedpress-pdf-shortcode\" src=\"https:\/\/adicora.org\/cordoba\/wp-admin\/admin-ajax.php?action=get_viewer&#038;file=https%3A%2F%2Fadicora.org%2Fcordoba%2Fwp-content%2Fuploads%2F2024%2F02%2FREGLAMENTO-CORDOBA.pdf#key=dGhlbWVNb2RlPWRlZmF1bHQmdG9vbGJhcj10cnVlJmxhenlMb2FkPWZhbHNlJnBvc2l0aW9uPXRvcCZwcmVzZW50YXRpb249dHJ1ZSZkb3dubG9hZD10cnVlJmNvcHlfdGV4dD10cnVlJmFkZF90ZXh0PXRydWUmZHJhdz10cnVlJmRvY19yb3RhdGlvbj10cnVlJmFkZF9pbWFnZT10cnVlJmRvY19kZXRhaWxzPXRydWUmc2VsZWN0aW9uX3Rvb2w9MCZzY3JvbGxpbmc9LTEmc3ByZWFkcz0tMSZ6b29tX2luPXRydWUmem9vbV9vdXQ9dHJ1ZSZmaXRfdmlldz10cnVlJmJvb2ttYXJrPXRydWUmc291bmQ9dHJ1ZSZmbGlwYm9va190b29sYmFyX3Bvc2l0aW9uPWJvdHRvbSZwYWdlTnVtYmVyPTEmd2F0ZXJtYXJrX3RleHQ9JndhdGVybWFya19mb250X3NpemU9NDgmd2F0ZXJtYXJrX2NvbG9yPSUyMzAwMDAwMCZ3YXRlcm1hcmtfb3BhY2l0eT0xNSZ3YXRlcm1hcmtfc3R5bGU9Y2VudGVy\" frameborder=\"0\">\n                        <\/iframe>\n                    <p class=\"embedpress-el-powered\">Powered By EmbedPress<\/p>        <\/div>\n\n[\/et_pb_code][\/et_pb_column][\/et_pb_row][\/et_pb_section]<\/p>\n","protected":false},"excerpt":{"rendered":"<p>REGLAMENTO FILIAL C\u00d3RDOBA \u00daltima modificaci\u00f3n: 2015Consult\u00e1 cuando quieras el reglamento de nuestra Filial        <div class=\"embedpress-document-embed ose-document ep-doc-d7fcf3f3b136871a304a78937b86779c\" style=\"width: 600px; height: 600px;; max-width:100%; display: block\">\n                                    <iframe title=\"REGLAMENTO CORDOBA\" allowfullscreen=\"true\" mozallowfullscreen=\"true\" webkitallowfullscreen=\"true\" style=\"width: 600px; height: 600px;; max-width:100%; display: inline-block\" data-emsrc=\"https:\/\/adicora.org\/cordoba\/wp-content\/uploads\/2024\/02\/REGLAMENTO-CORDOBA.pdf\" data-emid=\"embedpress-pdf-shortcode\" class=\"embedpress-embed-document-pdf embedpress-pdf-shortcode\" src=\"https:\/\/adicora.org\/cordoba\/wp-admin\/admin-ajax.php?action=get_viewer&#038;file=https%3A%2F%2Fadicora.org%2Fcordoba%2Fwp-content%2Fuploads%2F2024%2F02%2FREGLAMENTO-CORDOBA.pdf#key=dGhlbWVNb2RlPWRlZmF1bHQmdG9vbGJhcj10cnVlJmxhenlMb2FkPWZhbHNlJnBvc2l0aW9uPXRvcCZwcmVzZW50YXRpb249dHJ1ZSZkb3dubG9hZD10cnVlJmNvcHlfdGV4dD10cnVlJmFkZF90ZXh0PXRydWUmZHJhdz10cnVlJmRvY19yb3RhdGlvbj10cnVlJmFkZF9pbWFnZT10cnVlJmRvY19kZXRhaWxzPXRydWUmc2VsZWN0aW9uX3Rvb2w9MCZzY3JvbGxpbmc9LTEmc3ByZWFkcz0tMSZ6b29tX2luPXRydWUmem9vbV9vdXQ9dHJ1ZSZmaXRfdmlldz10cnVlJmJvb2ttYXJrPXRydWUmc291bmQ9dHJ1ZSZmbGlwYm9va190b29sYmFyX3Bvc2l0aW9uPWJvdHRvbSZwYWdlTnVtYmVyPTEmd2F0ZXJtYXJrX3RleHQ9JndhdGVybWFya19mb250X3NpemU9NDgmd2F0ZXJtYXJrX2NvbG9yPSUyMzAwMDAwMCZ3YXRlcm1hcmtfb3BhY2l0eT0xNSZ3YXRlcm1hcmtfc3R5bGU9Y2VudGVy\" frameborder=\"0\">\n                        <\/iframe>\n                    <p class=\"embedpress-el-powered\">Powered By EmbedPress<\/p>        <\/div>\n\n<\/p>\n","protected":false},"author":3,"featured_media":0,"parent":0,"menu_order":0,"comment_status":"closed","ping_status":"closed","template":"","meta":{"_et_pb_use_builder":"on","_et_pb_old_content":"","_et_gb_content_width":"","footnotes":""},"class_list":["post-274","page","type-page","status-publish","hentry"],"yoast_head":"<!-- This site is optimized with the Yoast SEO plugin v27.4 - https:\/\/yoast.com\/product\/yoast-seo-wordpress\/ -->\n<title>Reglamento FILIAL C\u00d3RDOBA - ADICORA Filial C\u00f3rdoba<\/title>\n<meta name=\"robots\" content=\"index, follow, max-snippet:-1, max-image-preview:large, max-video-preview:-1\" \/>\n<link rel=\"canonical\" href=\"https:\/\/adicora.org\/cordoba\/reglamento\/\" \/>\n<meta property=\"og:locale\" content=\"es_ES\" \/>\n<meta property=\"og:type\" content=\"article\" \/>\n<meta property=\"og:title\" content=\"Reglamento FILIAL C\u00d3RDOBA - ADICORA Filial C\u00f3rdoba\" \/>\n<meta property=\"og:description\" content=\"REGLAMENTO FILIAL C\u00d3RDOBA \u00daltima modificaci\u00f3n: 2015Consult\u00e1 cuando quieras el reglamento de nuestra Filial\" \/>\n<meta property=\"og:url\" content=\"https:\/\/adicora.org\/cordoba\/reglamento\/\" \/>\n<meta property=\"og:site_name\" content=\"ADICORA Filial C\u00f3rdoba\" \/>\n<meta property=\"article:modified_time\" content=\"2024-02-24T18:30:03+00:00\" \/>\n<meta name=\"twitter:card\" content=\"summary_large_image\" \/>\n<meta name=\"twitter:label1\" content=\"Tiempo de lectura\" \/>\n\t<meta name=\"twitter:data1\" content=\"1 minuto\" \/>\n<script type=\"application\/ld+json\" class=\"yoast-schema-graph\">{\"@context\":\"https:\\\/\\\/schema.org\",\"@graph\":[{\"@type\":\"WebPage\",\"@id\":\"https:\\\/\\\/adicora.org\\\/cordoba\\\/reglamento\\\/\",\"url\":\"https:\\\/\\\/adicora.org\\\/cordoba\\\/reglamento\\\/\",\"name\":\"Reglamento FILIAL C\u00d3RDOBA - ADICORA Filial C\u00f3rdoba\",\"isPartOf\":{\"@id\":\"https:\\\/\\\/adicora.org\\\/cordoba\\\/#website\"},\"datePublished\":\"2024-02-24T18:16:17+00:00\",\"dateModified\":\"2024-02-24T18:30:03+00:00\",\"breadcrumb\":{\"@id\":\"https:\\\/\\\/adicora.org\\\/cordoba\\\/reglamento\\\/#breadcrumb\"},\"inLanguage\":\"es\",\"potentialAction\":[{\"@type\":\"ReadAction\",\"target\":[\"https:\\\/\\\/adicora.org\\\/cordoba\\\/reglamento\\\/\"]}]},{\"@type\":\"BreadcrumbList\",\"@id\":\"https:\\\/\\\/adicora.org\\\/cordoba\\\/reglamento\\\/#breadcrumb\",\"itemListElement\":[{\"@type\":\"ListItem\",\"position\":1,\"name\":\"Portada\",\"item\":\"https:\\\/\\\/adicora.org\\\/cordoba\\\/\"},{\"@type\":\"ListItem\",\"position\":2,\"name\":\"Reglamento FILIAL C\u00d3RDOBA\"}]},{\"@type\":\"WebSite\",\"@id\":\"https:\\\/\\\/adicora.org\\\/cordoba\\\/#website\",\"url\":\"https:\\\/\\\/adicora.org\\\/cordoba\\\/\",\"name\":\"ADICORA Filial C\u00f3rdoba\",\"description\":\"Asociaci\u00f3n de Directores de Coro\",\"potentialAction\":[{\"@type\":\"SearchAction\",\"target\":{\"@type\":\"EntryPoint\",\"urlTemplate\":\"https:\\\/\\\/adicora.org\\\/cordoba\\\/?s={search_term_string}\"},\"query-input\":{\"@type\":\"PropertyValueSpecification\",\"valueRequired\":true,\"valueName\":\"search_term_string\"}}],\"inLanguage\":\"es\"}]}<\/script>\n<!-- \/ Yoast SEO plugin. -->","yoast_head_json":{"title":"Reglamento FILIAL C\u00d3RDOBA - ADICORA Filial C\u00f3rdoba","robots":{"index":"index","follow":"follow","max-snippet":"max-snippet:-1","max-image-preview":"max-image-preview:large","max-video-preview":"max-video-preview:-1"},"canonical":"https:\/\/adicora.org\/cordoba\/reglamento\/","og_locale":"es_ES","og_type":"article","og_title":"Reglamento FILIAL C\u00d3RDOBA - ADICORA Filial C\u00f3rdoba","og_description":"REGLAMENTO FILIAL C\u00d3RDOBA \u00daltima modificaci\u00f3n: 2015Consult\u00e1 cuando quieras el reglamento de nuestra Filial","og_url":"https:\/\/adicora.org\/cordoba\/reglamento\/","og_site_name":"ADICORA Filial C\u00f3rdoba","article_modified_time":"2024-02-24T18:30:03+00:00","twitter_card":"summary_large_image","twitter_misc":{"Tiempo de lectura":"1 minuto"},"schema":{"@context":"https:\/\/schema.org","@graph":[{"@type":"WebPage","@id":"https:\/\/adicora.org\/cordoba\/reglamento\/","url":"https:\/\/adicora.org\/cordoba\/reglamento\/","name":"Reglamento FILIAL C\u00d3RDOBA - ADICORA Filial C\u00f3rdoba","isPartOf":{"@id":"https:\/\/adicora.org\/cordoba\/#website"},"datePublished":"2024-02-24T18:16:17+00:00","dateModified":"2024-02-24T18:30:03+00:00","breadcrumb":{"@id":"https:\/\/adicora.org\/cordoba\/reglamento\/#breadcrumb"},"inLanguage":"es","potentialAction":[{"@type":"ReadAction","target":["https:\/\/adicora.org\/cordoba\/reglamento\/"]}]},{"@type":"BreadcrumbList","@id":"https:\/\/adicora.org\/cordoba\/reglamento\/#breadcrumb","itemListElement":[{"@type":"ListItem","position":1,"name":"Portada","item":"https:\/\/adicora.org\/cordoba\/"},{"@type":"ListItem","position":2,"name":"Reglamento FILIAL C\u00d3RDOBA"}]},{"@type":"WebSite","@id":"https:\/\/adicora.org\/cordoba\/#website","url":"https:\/\/adicora.org\/cordoba\/","name":"ADICORA Filial C\u00f3rdoba","description":"Asociaci\u00f3n de Directores de Coro","potentialAction":[{"@type":"SearchAction","target":{"@type":"EntryPoint","urlTemplate":"https:\/\/adicora.org\/cordoba\/?s={search_term_string}"},"query-input":{"@type":"PropertyValueSpecification","valueRequired":true,"valueName":"search_term_string"}}],"inLanguage":"es"}]}},"_links":{"self":[{"href":"https:\/\/adicora.org\/cordoba\/wp-json\/wp\/v2\/pages\/274","targetHints":{"allow":["GET"]}}],"collection":[{"href":"https:\/\/adicora.org\/cordoba\/wp-json\/wp\/v2\/pages"}],"about":[{"href":"https:\/\/adicora.org\/cordoba\/wp-json\/wp\/v2\/types\/page"}],"author":[{"embeddable":true,"href":"https:\/\/adicora.org\/cordoba\/wp-json\/wp\/v2\/users\/3"}],"replies":[{"embeddable":true,"href":"https:\/\/adicora.org\/cordoba\/wp-json\/wp\/v2\/comments?post=274"}],"version-history":[{"count":4,"href":"https:\/\/adicora.org\/cordoba\/wp-json\/wp\/v2\/pages\/274\/revisions"}],"predecessor-version":[{"id":280,"href":"https:\/\/adicora.org\/cordoba\/wp-json\/wp\/v2\/pages\/274\/revisions\/280"}],"wp:attachment":[{"href":"https:\/\/adicora.org\/cordoba\/wp-json\/wp\/v2\/media?parent=274"}],"curies":[{"name":"wp","href":"https:\/\/api.w.org\/{rel}","templated":true}]}}